 a factor of 923?
False
Does 45 divide 7210063?
False
Is 382905 a multiple of 381?
True
Is 48 a factor of 65088?
True
Is 171 a factor of 44118?
True
Does 112 divide 546933?
False
Does 24 divide 4590068?
False
Does 277 divide 2239545?
True
Is 335064 a multiple of 23?
True
Is 196322 a multiple of 20?
False
Is 2374638 a multiple of 197?
True
Is 110330 a multiple of 22?
True
Is 17 a factor of 145878?
False
Is 2 a factor of 918896?
True
Does 10 divide 1086231?
False
Is 1328352 a multiple of 24?
True
Does 92 divide 619621?
False
Is 3907824 a multiple of 17?
True
Is 1979228 a multiple of 479?
True
Is 21336 a multiple of 4?
True
Is 23885 a multiple of 85?
True
Is 11968381 a multiple of 93?
False
Is 13 a factor of 58317?
False
Is 4463594 a multiple of 19?
True
Is 4480 a multiple of 140?
True
Is 182 a factor of 263536?
True
Is 546751 a multiple of 233?
False
Is 4 a factor of 3789490?
False
Is 201058 a multiple of 209?
True
Is 10 a factor of 244930?
True
Is 330 a factor of 11715817?
False
Is 1655980 a multiple of 10?
True
Does 3 divide 33909?
True
Is 38337 a multiple of 13?
True
Does 213 divide 27051?
True
Is 3828 a multiple of 12?
True
Does 8 divide 516917?
False
Is 12494687 a multiple of 13?
False
Is 57 a factor of 13884630?
True
Is 1582467 a multiple of 38?
False
Does 23 divide 216039?
True
Is 35 a factor of 61772?
False
Is 317 a factor of 1525404?
True
Is 19 a factor of 2375859?
False
Is 151 a factor of 121026?
False
Does 56 divide 101360?
True
Does 214 divide 325077?
False
Is 13 a factor of 2228948?
False
Is 113520 a multiple of 12?
True
Does 207 divide 7260780?
False
Is 23436 a multiple of 42?
True
Is 797040 a multiple of 540?
True
Is 87 a factor of 124683?
False
Does 1079 divide 625323?
False
Is 370944 a multiple of 64?
True
Is 11 a factor of 10340759?
True
Is 354948 a multiple of 44?
True
Is 2014246 a multiple of 512?
False
Is 71 a factor of 1184777?
True
Is 455 a factor of 1292200?
True
Is 37087 a multiple of 8?
False
Does 32 divide 49991?
False
Is 1971971 a multiple of 11?
False
Is 129 a factor of 2310447?
False
Is 99185 a multiple of 25?
False
Is 13540206 a multiple of 2841?
True
Is 6820642 a multiple of 9?
False
Is 17 a factor of 1619964?
True
Does 181 divide 22941?
False
Does 8 divide 266466?
False
Is 2752895 a multiple of 85?
True
Is 274132 a multiple of 17?
False
Is 20 a factor of 65144?
False
Is 2069195 a multiple of 303?
False
Is 20 a factor of 888280?
True
Is 10737408 a multiple of 682?
True
Does 112 divide 35193?
False
Is 176 a factor of 74587?
False
Is 1107865 a multiple of 11?
True
Is 1137 a factor of 19512057?
True
Is 339530 a multiple of 38?
True
Is 26 a factor of 21101163?
False
Is 5016 a multiple of 22?
True
Is 12 a factor of 293344?
False
Does 68 divide 1388582?
False
Does 11 divide 455390?
False
Does 9 divide 792963?
True
Is 166 a factor of 112714?
True
Does 417 divide 116738?
False
Is 47 a factor of 186366?
False
Does 291 divide 166721?
False
Does 38 divide 311798?
False
Is 2 a factor of 2107?
False
Is 30 a factor of 359760?
True
Is 2857784 a multiple of 10?
False
Is 84762 a multiple of 102?
True
Is 15 a factor of 79550?
False
Is 89651 a multiple of 273?
False
Is 250475 a multiple of 43?
True
Is 1134072 a multiple of 456?
True
Does 574 divide 81918?
False
Is 4400478 a multiple of 18?
True
Is 21966 a multiple of 7?
True
Does 6 divide 112765?
False
Does 413 divide 25952920?
True
Does 37 divide 40404?
True
Does 793 divide 2458300?
True
Is 2311890 a multiple of 763?
True
Is 31 a factor of 43555?
True
Does 7 divide 617267?
True
Is 16 a factor of 25648?
True
Is 10352622 a multiple of 10?
False
Is 97 a factor of 388?
True
Is 1535 a factor of 1995093?
False
Does 13 divide 2059185?
False
Is 58 a factor of 74634?
False
Is 363 a factor of 3467638?
False
Does 55 divide 303710?
True
Is 4 a factor of 178468?
True
Is 69345 a multiple of 20?
False
Is 5 a factor of 1268266?
False
Is 2228210 a multiple of 390?
False
Does 742 divide 43778?
True
Is 88528 a multiple of 44?
True
Is 19 a factor of 636044?
True
Does 23 divide 2167558?
False
Is 121 a factor of 307985?
False
Does 25 divide 180465?
False
Is 1522747 a multiple of 112?
False
Is 13 a factor of 41656?
False
Is 473184 a multiple of 288?
True
Is 10 a factor of 11297398?
False
Is 39 a factor of 142652?
False
Is 35697 a multiple of 524?
False
Does 88 divide 10032?
True
Does 11 divide 55877?
False
Does 16 divide 2216144?
True
Is 159852 a multiple of 42?
True
Does 1971 divide 17811927?
True
Does 183 divide 451827?
True
Is 36322 a multiple of 143?
True
Does 113 divide 14331112?
True
Is 5 a factor of 336940?
True
Is 27222 a multiple of 29?
False
Is 143 a factor of 69819?
False
Is 102 a factor of 1807542?
True
Does 6 divide 73674?
True
Is 209 a factor of 3451086?
False
Does 35 divide 52185?
True
Is 12 a factor of 16936800?
True
Does 7 divide 452197?
False
Is 1268534 a multiple of 19?
False
Is 9 a factor of 60715?
False
Does 150 divide 377700?
True
Is 198538 a multiple of 45?
False
Is 285 a factor of 310650?
True
Does 4 divide 172900?
True
Does 21 divide 10505759?
False
Is 2 a factor of 615561?
False
Does 118 divide 6325?
False
Is 1910477 a multiple of 16?
False
Is 366919 a multiple of 371?
True
Is 2 a factor of 17114?
True
Is 11763605 a multiple of 45?
False
Does 14 divide 868308?
True
Does 4 divide 21500?
True
Is 93 a factor of 724839?
False
Does 9 divide 241836?
False
Does 19 divide 230883?
False
Does 4 divide 16935?
False
Is 19519024 a multiple of 61?
True
Does 202 divide 832038?
True
Does 70 divide 6323310?
True
Does 820 divide 17167587?
False
Does 8 divide 83346?
False
Is 312 a factor of 331186?
False
Does 123 divide 627759?
False
Does 438 divide 27501224?
False
Does 1363 divide 2106998?
False
Is 68 a factor of 1520372?
False
Is 498168 a multiple of 22?
True
Is 365 a factor of 3207678?
False
Does 39 divide 2967471?
True
Is 2428320 a multiple of 40?
True
Is 1419976 a multiple of 6?
False
Is 3465 a multiple of 63?
True
Does 85 divide 1057485?
True
Does 36 divide 1221012?
True
Is 96 a factor of 1042126?
False
Is 4773195 a multiple of 15?
True
Does 2 divide 1532?
True
Is 36 a factor of 744408?
True
Does 11 divide 83553?
False
Is 74400 a multiple of 15?
True
Is 685 a factor of 871092?
False
Is 423180 a multiple of 10?
True
Is 69322 a multiple of 56?
False
Is 90569 a multiple of 47?
True
Is 2 a factor of 1161241?
False
Is 9819068 a multiple of 316?
True
Does 524 divide 1359780?
True
Is 2365470 a multiple of 9?
True
Is 17317940 a multiple of 121?
False
Is 406 a factor of 1528996?
True
Is 9367 a multiple of 19?
True
Is 21 a factor of 2923431?
True
Is 879369 a multiple of 238?
False
Is 651990 a multiple of 618?
True
Is 13 a factor of 128901?
False
Is 113960 a multiple of 35?
True
Is 3343931 a multiple of 398?
False
Is 10 a factor of 5574394?
False
Does 77 divide 206255?
False
Is 65 a factor of 87620?
True
Does 176 divide 7738192?
True
Is 97 a factor of 1029655?
True
Does 23 divide 1322523?
True
Does 19 divide 286392?
False
Does 36 divide 5342?
False
Does 651 divide 1448475?
True
Is 43 a factor of 103257?
False
Is 264949 a multiple of 151?
False
Does 419 divide 2293606?
True
Does 10 divide 3532035?
False
Does 317 divide 564577?
True
Is 3 a factor of 17917?
False
Is 1281244 a multiple of 244?
True
Is 10728060 a multiple of 105?
True
Is 71 a factor of 4044?
False
Does 96 divide 117141?
False
Does 168 divide 27048?
True
Is 18 a factor of 578066?
False
Does 3 divide 125282?
False
Does 13 divide 671813?
False
Is 151 a factor of 2135281?
False
Is 42432 a multiple of 104?
True
Is 259 a factor of 3250120?
False
Is 32033610 a multiple of 2142?
True
Is 1348739 a multiple of 43?
False
Does 8 divide 1292054?
False
Is 1910 a multiple of 191?
True
Does 10 divide 68711?
False
Is 70907 a multiple of 1017?
False
Is 141 a factor of 4256649?
True
Is 268710 a multiple of 13?
True
Does 42 divide 13469161?
False
Does 27 divide 1262899?
False
Is 5417 a multiple of 4?
False
Is 14938682 a multiple of 7?
False
Is 163 a factor of 11881?
False
Is 3452188 a multiple of 15?
False
Is 12 a factor of 109068?
True
Is 39 a factor of 1156701?
True
Does 47 divide 85065?
False
Is 7 a factor of 93552?
False
Is 1601922 a multiple of 887?
True
Is 12 a factor of 5273?
False
Does 24 divide 196242?
False
Is 52 a factor of 153006?
False
Is 221